s the units digit of 70763680?
0
What is the hundreds digit of 499214396?
3
What is the ten thousands digit of 121086177?
8
What is the millions digit of 5641010528?
1
What is the thousands digit of 6034532342?
2
What is the units digit of 625312029?
9
What is the tens digit of 617633357?
5
What is the millions digit of 1428038332?
8
What is the hundred thousands digit of 3336208?
3
What is the millions digit of 1040348734?
0
What is the millions digit of 3248719215?
8
What is the millions digit of 870157929?
0
What is the hundred thousands digit of 25714430?
7
What is the units digit of 34234379?
9
What is the millions digit of 731184978?
1
What is the hundreds digit of 111249440?
4
What is the thousands digit of 2679759168?
9
What is the thousands digit of 81622177?
2
What is the millions digit of 136284745?
6
What is the units digit of 739565790?
0
What is the millions digit of 400828966?
0
What is the hundred thousands digit of 436750725?
7
What is the millions digit of 125148281?
5
What is the hundred thousands digit of 2352003644?
0
What is the hundred millions digit of 558558586?
5
What is the hundreds digit of 2093140621?
6
What is the thousands digit of 545854402?
4
What is the units digit of 31700772?
2
What is the ten thousands digit of 9800678?
0
What is the ten thousands digit of 913605611?
0
What is the hundred thousands digit of 79728655?
7
What is the units digit of 49252374?
4
What is the ten millions digit of 109208268?
0
What is the millions digit of 4840638445?
0
What is the hundred thousands digit of 126458525?
4
What is the thousands digit of 714449487?
9
What is the thousands digit of 97081500?
1
What is the thousands digit of 41920334?
0
What is the ten millions digit of 1888561368?
8
What is the ten millions digit of 18912876?
1
What is the thousands digit of 70718376?
8
What is the ten millions digit of 113977220?
1
What is the units digit of 151062968?
8
What is the ten thousands digit of 1557732428?
3
What is the ten thousands digit of 271667?
7
What is the hundred millions digit of 1124902324?
1
What is the hundred millions digit of 174931763?
1
What is the ten millions digit of 10332945?
1
What is the tens digit of 457052544?
4
What is the millions digit of 5610837122?
0
What is the thousands digit of 5987858787?
8
What is the hundreds digit of 95904036?
0
What is the tens digit of 5328021655?
5
What is the ten millions digit of 174766298?
7
What is the hundred millions digit of 159817169?
1
What is the hundreds digit of 1565899914?
9
What is the hundred thousands digit of 1197034061?
0
What is the tens digit of 2656421262?
6
What is the hundred thousands digit of 18450601?
4
What is the hundred thousands digit of 242992771?
9
What is the units digit of 400312974?
4
What is the hundred millions digit of 188873253?
1
What is the hundred thousands digit of 81953304?
9
What is the millions digit of 43031729?
3
What is the millions digit of 99730232?
9
What is the billions digit of 1601433748?
1
What is the tens digit of 44788725?
2
What is the ten thousands digit of 2568678992?
7
What is the hundred thousands digit of 4038736657?
7
What is the millions digit of 142616937?
2
What is the billions digit of 2271774311?
2
What is the ten thousands digit of 1044352083?
5
What is the hundred millions digit of 484399967?
4
What is the ten millions digit of 2482449175?
8
What is the tens digit of 6240609?
0
What is the ten millions digit of 871471393?
7
What is the ten thousands digit of 294177398?
7
What is the millions digit of 25093358?
5
What is the units digit of 266849012?
2
What is the hundreds digit of 2827078828?
8
What is the thousands digit of 32503591?
3
What is the hundreds digit of 9752481?
4
What is the millions digit of 635473465?
5
What is the hundred millions digit of 747212003?
7
What is the hundred thousands digit of 891342770?
3
What is the thousands digit of 1239921433?
1
What is the ten thousands digit of 23834632?
3
What is the hundred thousands digit of 1366013605?
0
What is the hundred millions digit of 1037949537?
0
What is the billions digit of 1033468654?
1
What is the units digit of 2519572536?
6
What is the tens digit of 213506012?
1
What is the hundred thousands digit of 237338810?
3
What is the ten thousands digit of 79449482?
4
What is the units digit of 6826396013?
3
What is the ten millions digit of 12818499?
1
What is the millions digit of 664287780?
4
What is the tens digit of 2690624223?
2
What is the thousands digit of 494661372?
1
What is the thousands digit of 2722883497?
3
What is the ten thousands digit of 38355324?
5
What is the ten millions digit of 13168548?
1
What is the ten thousands digit of 112751023?
5
What is the ten millions digit of 18161562?
1
What is the millions digit of 733092072?
3
What is the ten thousands digit of 67143672?
4
What is the hundreds digit of 1301350897?
8
What is the units digit of 822046980?
0
What is the hundred thousands digit of 97221504?
2
What is the tens digit of 673336718?
1
What is the hundred thousands digit of 203518845?
5
What is the millions digit of 43432651?
3
What is the ten millions digit of 73446050?
7
What is the hundreds digit of 4579930?
9
What is the ten thousands digit of 8143798011?
9
What is the hundreds digit of 1855338767?
7
What is the units digit of 4096306442?
2
What is the units digit of 163389028?
8
What is the thousands digit of 96689111?
9
What is the ten millions digit of 42519066?
4
What is the tens digit of 36302520?
2
What is the hundred thousands digit of 149592872?
5
What is the ten millions digit of 1548915166?
4
What is the hundred millions digit of 130129918?
1
What is the millions digit of 39620554?
9
What is the tens digit of 248020?
2
What is the hundred thousands digit of 895497344?
4
What is the millions digit of 18585771?
8
What is the hundreds digit of 357904628?
6
What is the units digit of 2235273116?
6
What is the hundred thousands digit of 188133359?
1
What is the thousands digit of 5054483554?
3
What is the hundred millions digit of 231851227?
2
What is the ten millions digit of 7239707837?
3
What is the units digit of 108146299?
9
What is the ten millions digit of 96146919?
9
What is the ten thousands digit of 632090982?
9
What is the millions digit of 1263184600?
3
What is the hundred thousands digit of 344691380?
6
What is the ten millions digit of 2753134482?
5
What is the millions digit of 219450040?
9
What is the ten millions digit of 203603179?
0
What is the hundreds digit of 8092503?
5
What is the units digit of 555169177?
7
What is the ten millions digit of 12312874?
1
What is the thousands digit of 44113778?
3
What is the thousands digit of 3915954915?
4
What is the ten thousands digit of 74752475?
5
What is the millions digit of 2182722356?
2
What is the hundreds digit of 352600494?
4
What is the hundreds digit of 249243188?
1
What is the millions digit of 45857473?
5
What is the hundred thousands digit of 193110126?
1
What is the units digit of 3278292827?
7
What is the ten millions digit of 5614400426?
1
What is the units digit of 23635988?
8
What is the hundred millions digit of 419055104?
4
What is the ten millions digit of 76358003?
7
What is the thousands digit of 355852585?
2
What is the millions digit of 1917394722?
7
What is the ten thousands digit of 181544653?
4
What is the hundred thousands digit of 27283245?
2
What is the billions digit of 2243359831?
2
What is the hundred thousands digit of 893324380?
3
What is the hundreds digit of 48456926?
9
What is the units digit of 9318684446?
6
What is the hundred thousands digit of 10476443?
4
What is the ten thousands digit of 194108701?
0
What is the millions digit of 466426178?
6
What is the thousands digit of 82273408?
3
What is the ten thousands digit of 85064225?
6
What is the ten millions digit of 85770931?
8
What is the units digit of 1507442041?
1
What is the millions digit of 87925063?
7
What is the thousands digit of 54508030?
8
What is the ten thousands digit of 376879256?
7
What is the tens digit of 266794503?
0
What is the thousands digit of 1638957942?
7
What is the thousands digit of 1118261610?
1
What is the hundred thousands digit of 11490938?
4
What is the tens digit of 138949197?
9
What is the hundred thous